 m be (-312)/(-14) + 8/(-28). Calculate the highest common factor of m and l.
22
Suppose 3*g - 7 = 2. Let a be 7 + (0 - (g - 1)). Suppose -y + 23 = -3*h, a*y + 2*h - 30 = -0*h. Calculate the highest common factor of y and 2.
2
Suppose -3*h + 24 = 2*b, 3*b - 18 = 3*h - 57. Suppose -3 = -3*y + 9. What is the highest common divisor of h and y?
2
Suppose 3*h = -4*i + h + 72, -4*h = 8. What is the highest common factor of i and 38?
19
Let c(g) = g**2 - g + 2. Let a be c(-7). Calculate the greatest common divisor of a and 145.
29
Suppose 0 = 4*g - 0*g - 24. Suppose 9 + g = r. Calculate the highest common factor of 165 and r.
15
Let b = -17 - -116. Calculate the highest common factor of b and 9.
9
Suppose -2*l + 63 = 3. Suppose -408 = -3*w - 2*q + 3*q, 0 = -4*w - 3*q + 531. Suppose 2*b - w - 15 = 0. What is the highest common divisor of b and l?
15
Let j = 97 - -29. Suppose -4*y + 5*c + 64 + 59 = 0, -4*y + 3*c = -133. Let w = y - 19. Calculate the highest common factor of w and j.
18
Let n = 0 + 69. Suppose -u - 4*u + 115 = 0. Calculate the greatest common factor of n and u.
23
Let t = -2 - 4. Let d = -4 - t. What is the highest common factor of d and 1?
1
Suppose 5*n + 5*m - 125 = 0, -3*m - 22 = -2*n + 53. What is the greatest common factor of 12 and n?
6
Let v(y) = -y**2 - y + 65. Let n be v(0). What is the highest common divisor of n and 13?
13
Suppose -h + p + 0*p + 33 = 0, 5*h = -3*p + 149. Calculate the greatest common factor of h and 279.
31
Let r = -12 - -10. Let c(l) = 3*l - 3. Let t be c(7). Let y = t + r. Calculate the highest common factor of 64 and y.
16
Suppose 6 = 2*u - 5*g, -g = -3*g + 4. Let s = -52 + 116. Suppose v + s = 3*v. Calculate the highest common divisor of v and u.
8
Let j be (-3)/(-2)*4/(-3). Let t(u) = -10*u + 1. Let v be t(j). Calculate the highest common divisor of 7 and v.
7
Suppose -28 + 8 = -2*p. Let m(b) = b**2 - b - 4. Let y be m(3). Suppose r = y + 2. Calculate the greatest common factor of p and r.
2
Let a be (-94)/(-10) - (-4)/(-10). Suppose 4*g - 430 = -34. What is the greatest common factor of g and a?
9
Let n = 162 + -152. Calculate the highest common factor of n and 4.
2
Let b(j) = 3*j**2 - 6*j + 7. Let x be b(3). Calculate the highest common factor of x and 112.
16
Let r(d) = -d**2 + 6*d - 5. Let i be r(4). Calculate the highest common divisor of 3 and i.
3
Suppose 5*d = 10, 0 = -h - h + 5*d - 14. Let b = h - -12. What is the highest common factor of 30 and b?
10
Suppose -5*l = -4*l - 2. What is the highest common divisor of l and 22?
2
Suppose -2 = 2*x - 3*x. Suppose -w + 17 - x = 0. Let q = 26 - w. What is the greatest common factor of 33 and q?
11
Suppose 4*a + 8 = 0, 2 = 5*s - 5*a - 3. Let c be s + 3/6*6. Suppose -4 = -g + c. Calculate the greatest common divisor of g and 12.
6
Let a = 50 + -36. Let w be 4*((-9)/(-12) - 0). Suppose 0 = -w*b + b + 28. Calculate the greatest common divisor of b and a.
14
Let x = -3 + 8. Suppose 3*l = w - 43, -x*w + 0*w - 4*l = -196. Calculate the highest common divisor of 20 and w.
20
Let g(j) = j**2 - j - 1. Let r be g(-1). Suppose 2*d - 5*z - 30 = 0, 4*z + 0*z = -3*d - r. Suppose -10 + 0 = -q. What is the highest common divisor of d and q?
5
Suppose -156 = -4*a - 60. Suppose 0 = 3*f + j + 3*j - 32, -3*f + 2*j = -20. Let s = 24 - f. Calculate the highest common factor of a and s.
8
Suppose 3*d - 5*d = -6. Suppose -d*c + 12 = 9. Suppose -5*l + 18 + 17 = 5*y, 3*l = -4*y + 25. Calculate the highest common factor of l and c.
1
Let g(a) = a + 7. Let d be g(-8). Let q be (d/(-3))/(3/18). Let o be (-1)/((-1)/q + 0). Calculate the highest common divisor of o and 12.
2
Suppose 0 = 3*c - c. Suppose -4*k + 2*k + 66 = c. What is the highest common divisor of k and 11?
11
Suppose -100 = -0*l - 5*l. Let d be (-1 + 0)*(-18 - 2). Suppose -q - x + d = -3*x, q - 5*x = 35. Calculate the greatest common divisor of q and l.
10
Suppose 0 = -l - 1 + 3. Let s be ((-6)/2)/((-2)/l). Suppose 4 - 14 = -2*x - s*o, 2*x + 4*o = 10. What is the greatest common factor of 2 and x?
1
Suppose 2*h - 14 + 2 = 0. Let t be ((-4)/(-10))/(h/30). Suppose -5*a + l + 75 = -4*l, 33 = t*a - 5*l. Calculate the greatest common factor of a and 154.
14
Let q = 5 + 37. What is the greatest common factor of q and 28?
14
Let n be 96/10 - (-6)/15. Let l = -8 + 33. What is the highest common divisor of l and n?
5
Let r(q) = 33 - 8 + 4*q - 3*q - 3*q. Let u be r(0). Calculate the highest common divisor of u and 10.
5
Let j = 1 - -5. Suppose 9 = 10*k - 9*k. Calculate the highest common factor of k and j.
3
Let x(b) = b**3 - 5*b**2 + 7. Let q be x(6). Suppose p = 4*p - 15. Let v be q/p + (-3)/5. What is the greatest common divisor of v and 72?
8
Let x(s) = s**3 - 5*s**2 + s - 1. Let y be x(5). Let k(c) = 8*c**2 + 2*c. Let w be k(-2). What is the highest common divisor of w and y?
4
Let b be 4/3 + 2/(-6). Let u(f) = -4*f - 1. Let t be u(b). Let j be (7/(-2))/(t/10). Calculate the highest common divisor of j and 35.
7
Let i(v) = v + 5. Let x be i(-4). Suppose 7*o = 2*o + 10. Calculate the greatest common divisor of o and x.
1
Suppose 2*p - 8 = -2. Let g = 3 - 1. Suppose n = p*u + 1, 0 = -2*n - 0*u - u + g. Calculate the greatest common factor of n and 9.
1
Let k(w) = -w**3 - 4*w**2 + 4. Let g be k(-4). What is the greatest common factor of g and 24?
4
Let n be (9/(-6))/(4/(-8)). What is the highest common divisor of 33 and n?
3
Let i(w) = w**3 + w**2 + 2*w - 7. Let r be i(5). Let x(h) = -2*h + 7. Let j be x(-5). What is the greatest common divisor of j and r?
17
Suppose -5*g + 24 = -146. Calculate the greatest common factor of 136 and g.
34
Let c be 4 - (3 + -59)/2. Calculate the greatest common divisor of c and 4.
4
Suppose -6*o - 20 = -128. Calculate the greatest common divisor of o and 72.
18
Let a(z) be the first derivative of -z**3/3 - 9*z**2/2 - 8*z + 5. Let h = 3 - 9. Let c be a(h). Calculate the highest common factor of 20 and c.
10
Suppose 0 = 3*i + 1 - 4. Suppose -k + 1 + i = 0. Suppose r = 2*r - k. What is the highest common divisor of r and 18?
2
Let q be 15*1/3*-1. Let y be q*(-1 + 21/(-15)). Calculate the greatest common divisor of y and 12.
12
Suppose -4*i + 3*o + 12 = 0, 12 = 4*i - o - 8. Let x(y) = 4*y - 2. Let q be x(i). What is the highest common factor of q and 44?
22
Let g = 144 - 67. Let t be (-2)/1 + (3 - -10). Calculate the greatest common divisor of t and g.
11
Let c = 37 - 4. Suppose -i = 67 - 89. Calculate the highest common factor of c and i.
11
Suppose -7*l + 2*l + 85 = 0. Calculate the greatest common factor of 85 and l.
17
Let p(t) = 2*t**2 + 5*t + 2. Suppose 9 = -f - 3*h, 2*f + h = 4*h - 18. Let g be p(f). Calculate the greatest common divisor of 17 and g.
17
Let y(x) = -x**3 - 12*x**2 - 4*x - 11. Let c be y(-12). What is the greatest common factor of 74 and c?
37
Let l be ((-48)/(-15) - 0)*(-90)/(-6). What is the highest common factor of 32 and l?
16
Suppose -y + 2*i - 20 = 4*i, -5*y + 5*i - 40 = 0. Let k be 202 - 3/((-9)/y). What is the highest common factor of k and 18?
18
Let f(h) = h**2 + 5*h + 5. Let t be f(-5). Let g be 3/t + 104/10. Suppose -6 + 50 = 4*l. What is the highest common divisor of g and l?
11
Let w(v) = -v**2 + 23*v + 7. Let x be w(22). What is the greatest common factor of 145 and x?
29
Suppose y + 0*v - 3*v = 24, 3*y - v - 40 = 0. Let q = 96 - -14. Let c = 206 - q. Calculate the highest common divisor of y and c.
12
Let m be 2/5*(4 + -9). Let q be 45/m*4/(-5). What is the greatest common factor of q and 6?
6
Let i = -6 - -18. Let l be 2/(-3) + 14/3. Let b be l*1/(i/45). What is the greatest common divisor of b and 30?
15
Suppose -30*t + 21*t + 2511 = 0. Calculate the highest common divisor of 9 and t.
9
Let m(p) = p**2 + 3*p + 3. Let o be m(-3). Suppose o*z + 9 = k, 0 = -k - 0*k - 4*z + 2. Calculate the highest common divisor of k and 66.
6
Let f = -61 + 97. Calculate the highest common factor of f and 144.
36
Let p(g) = -g**3 + 3*g**2 - 3*g + 2. Let v be p(2). Suppose -6*m + m + 30 = v. Calculate the greatest common factor of m and 6.
6
Let p = -157 + 292. Calculate the greatest common divisor of p and 27.
27
Let v(l) = -l**3 - 5*l**2 - 2*l - 6. Let m be v(-5). Suppose -x - m*o = -22, -x + 0*x + 4*o = -6. Calculate the highest common factor of 2 and x.
2
Let z(f) = 47*f**2